 + 20*x + 5*x - 935 - x**2 + 835 + 19*x. Calculate b(49).
-2
Suppose 6 = -u - 2*u + m, 3*u + 6 = -3*m. Let l(q) = 29*q**2 - q - 4. Let w be l(u). Let r(h) = 3*h - w + 127 - 3*h + h. Calculate r(-9).
4
Suppose 11*i - 7*i - 8 = -5*m, 3*i - 6 = 2*m. Let f(c) = -8*c**i + 134*c + c**3 + 10 - 127*c - 2. Determine f(7).
8
Let p(d) = d**3 - 4*d**2 + 2*d - 5. Let s(w) = 1. Let b(f) = -p(f) - 3*s(f). Suppose 3*q = q + 6. Determine b(q).
5
Let g(a) = -a**2 - 8*a + 15. Let k = 5246 - 5259. What is g(k)?
-50
Let d = -11873 - -11875. Let u(o) be the third derivative of -1/3*o**3 + 0 + 8*o**d + 0*o + 3/8*o**4 - 1/60*o**5. Determine u(7).
12
Let f(w) = w**3 - 10*w**2 - 10*w - 7. Let a = 548 - 557. Let r(k) = -4*k**3 + 40*k**2 + 39*k + 28. Let p(b) = a*f(b) - 2*r(b). Calculate p(11).
18
Let a(x) be the first derivative of x**4/4 + x**3 - 3*x**2/2 + 9*x + 3945. Determine a(-5).
-26
Let b(m) = 3*m + 7. Let k be b(7). Let d be 15/(135/(-18)) + -1 + 36. Let v(a) = 3*a**2 - a**3 - d*a + 0*a**2 + 3 + k*a. Determine v(3).
-12
Let t(u) = 54*u - 59*u + 761 - 756 - 75*u**3. Give t(1).
-75
Suppose -23 = -v + 1. Let n be 4/24*v/4. Let m(t) = -10*t**2 - 2*t**2 + 3*t**2. Calculate m(n).
-9
Let l(b) be the third derivative of -7*b**4/24 + b**3/6 - 53*b**2. Let v(m) = m**3 - 7*m**2 + 18*m - 73. Let n be v(6). What is l(n)?
8
Let q(l) = 152*l + 75 - 27 - 27 - 149*l. Calculate q(-8).
-3
Let b(q) = -q**3 + 8*q**2 + 14*q - 140. Let r be b(5). Let s(d) = -3*d**2 + 13*d + 5. Give s(r).
-5
Let z(j) = j + 6. Let n be z(-5). Let m(u) = -u**2 - 4*u - 2*u**2 + 2*u**2 - n. Suppose 3*b + 22 = -4*i, -4 - 2 = -i + 5*b. Calculate m(i).
-1
Let q = 12 - 18. Let s(i) be the third derivative of -i**4/8 + 4*i**3/3 + 254671*i**2. What is s(q)?
26
Let y = 239 - 249. Let k(c) = c**2 + 17*c + 57. Determine k(y).
-13
Let v = -2578 + 2556. Let k(l) = l**3 + 24*l**2 + 42*l - 29. Calculate k(v).
15
Let i(a) = a - 1. Suppose -5*p = -0*p - 290. Let y(s) = 56 - 115 + p. Let t(n) = i(n) + 5*y(n). Calculate t(-6).
-12
Let y(u) = 57*u - 611. Let p(q) = -29*q + 301. Let h(x) = 5*p(x) + 2*y(x). Determine h(9).
4
Let w(l) = -2*l**2 + 52*l + 4. Suppose 0 = o + 3*v - 38, -626 + 640 = o - 3*v. What is w(o)?
4
Let i(k) = -11*k**2 - 2*k + 4. Suppose -p - 6 = 2*t, -t + 4 = -86*p + 90*p. Determine i(p).
-44
Let m(z) be the second derivative of 5*z**2 + 37*z + 1/12*z**4 + 0 - 7/6*z**3. What is m(4)?
-2
Suppose o - 6 = -2*g, g - 2*g + 5*o - 19 = 0. Let p = -2 - g. Let f(s) be the third derivative of 5*s**4/24 - s**3/6 + 180*s**2. Give f(p).
-16
Let g(y) = 15*y. Let v(d) = 17*d + 18. Suppose 5*b - 8 = 13*b. Let f be v(b). Calculate g(f).
15
Let q(k) = -k**2 - 8*k + 5. Let y be (2 + 77/14)*(-8)/(-3). Suppose -17*g + 12*g - y = 0. Let v be (-9 - -5)/((-2)/g). Give q(v).
5
Let v(l) be the second derivative of -11*l**3/2 - 7*l**2/2 + 10*l. Let x be v(1). Let r be -5 - (-1)/((-4)/x). Let n(c) = c**2 - 6*c + 7. Calculate n(r).
2
Suppose -9427*j + 9418*j = -27. Let v(p) be the third derivative of 1/60*p**5 + 1/3*p**3 + 0 - 1/8*p**4 - 5*p**2 + 0*p. What is v(j)?
2
Suppose 1 = -2*q - j + 4, -2*q + j - 3 = 0. Let p = 123 - 121. Let d(z) = 207*z**3 + 1 - 206*z**3 + z + q*z**2 + 3*z**p. What is d(-3)?
-2
Let q be (15/(-10)*1/(-12))/((-48)/(-128)). Let w(t) be the third derivative of 1/12*t**4 + 0 + 0*t - q*t**3 - 2*t**2. Calculate w(-4).
-10
Let p be ((-42)/9 + 4)*-9. Let r(l) be the second derivative of 1/20*l**5 + 0 - 1/2*l**2 - 7/12*l**4 - 11*l + 5/6*l**3. Give r(p).
-7
Suppose 3*b = -b + 8. Suppose 8 = 4*a, 4*t - b*a + 14 = -t. Let n(k) be the second derivative of -k**5/20 - k**4/6 - k**3/2 - k**2 + 295*k + 1. What is n(t)?
4
Suppose -4*j + 28 = -12. Let y be (4/(-10))/((-2)/j). Let g(h) = h - y*h**2 + 3*h - 12*h**3 - 3*h. What is g(1)?
-13
Let n(m) = 69*m**3 - 29*m**3 + 6*m - 7*m**2 - 9*m**3. Let h(x) = 63*x**3 - 15*x**2 + 13*x. Let c(g) = -6*h(g) + 13*n(g). Calculate c(1).
24
Let q(v) = 11*v**2 - 5*v**2 - 5*v**2 + v. Let k(f) = 5*f**2 + 3*f - 4. Suppose 2*z + 12 = -z. Let r(d) = z*q(d) + k(d). Give r(4).
8
Let h(c) be the first derivative of c**4/4 + 2*c**3 - 15*c**2/2 + 2*c + 2192. Determine h(-8).
-6
Suppose -7*b + 931 = 12*b. Let k = b + -65. Let m(r) = r + 17. Give m(k).
1
Let f(v) = -6*v + 40. Let t(j) = j**3 - 53*j**2 + 360*j + 16. Let x be t(45). Give f(x).
-56
Let q(s) = s - 44. Let d(z) = z**2 + 122*z + 3236. Let m be d(-38). What is q(m)?
0
Let p = -2 + 9. Let c = p - 7. Let v(q) = -11*q + 2*q**3 + 4 + 3 - q**3 + 12*q + 2. What is v(c)?
9
Let o(c) be the first derivative of 5*c**2/2 - 18. Let m(f) = 11*f. Let g(t) = -6*m(t) + 13*o(t). Let s be g(0). Let u(a) = -a + 23. What is u(s)?
23
Let j(m) be the second derivative of -m**5/20 + 5*m**4/12 - m**3/6 - 483*m - 3. Give j(3).
15
Suppose -638 = -9*b + 622. Let u = 147 - b. Let z(n) = -n**3 + 7*n**2 - n + 3. Give z(u).
-4
Let y(b) = -b**3 + 11*b**2 - 10*b - 10. Suppose -179*j - 15 = -180*j + 3*w, -3*j - 4*w = -19. Give y(j).
62
Suppose 4*t - 209 = -205. Let x(o) = 98*o - 15*o - 38*o. Determine x(t).
45
Let i(y) = -6*y + 37. Suppose -10220*f + 10238*f = 72. Calculate i(f).
13
Let r be -6 - (-1 + -3 - 14). Let k be ((-4)/r*0)/2. Let a(g) be the first derivative of g**2/2 + 4*g + 14. Determine a(k).
4
Let r(f) = f**2 + 8*f + 9. Let q be 4/24 - (-1546)/12. Let k = -135 + q. Determine r(k).
-3
Let x(p) be the second derivative of -4/3*p**3 + 1/12*p**4 + 9/2*p**2 + 0 - 58*p. What is x(4)?
-7
Let d(z) = 5*z - 41. Let n(j) = -20*j + 165. Let b(p) = -23*d(p) - 6*n(p). What is b(8)?
-7
Let i(q) be the second derivative of 3*q**3 - 543*q**2/2 - q - 2363. What is i(30)?
-3
Let f(m) = -520 - 509 + 3*m - 446 + 1377. Give f(32).
-2
Let p(b) = 12*b - 23. Let n(t) = 2*t**2 + 97*t + 511. Let d be n(-6). Give p(d).
-11
Let i(q) be the third derivative of q**8/6720 - q**6/240 + q**5/120 - 53*q**4/12 - 105*q**2. Let s(r) be the second derivative of i(r). What is s(2)?
3
Suppose -3*u - 54 = -0*u - 5*q, -2*q - 46 = 4*u. Let j(m) = -m**2 - 5*m - 9. Let p(v) = -2*v**2 - 10*v - 19. Let k(y) = u*j(y) + 6*p(y). What is k(-5)?
3
Let i(q) = q**2 + 9*q - 34. Let v be i(-12). Suppose -3*k + v*k + 4 = b, -5*b - 16 = -k. Let c(j) = j**2 - 4*j + 4. Determine c(k).
16
Let z(x) = 3*x - 13. Suppose -37*m - 868 = -254*m. Determine z(m).
-1
Suppose 23*w + 15 = 26*w. Let g(r) be the first derivative of -r**4/4 + 5*r**3/3 - r**2 + 2*r + 404. Determine g(w).
-8
Let j(u) be the second derivative of 3*u**3 + 685*u**2/2 - 1459*u. Calculate j(-38).
1
Let f(l) = -4*l + 14. Let n = -2016 + 2029. Determine f(n).
-38
Let c(g) be the first derivative of -g**3/3 + 13*g**2/2 + 21*g - 1920. What is c(15)?
-9
Let s(r) = 4*r**2 + 12*r + 2. Let x(f) = -3*f**2 - 11*f - 2. Let j be 11/22 - (-22)/(-4). Let w(u) = j*x(u) - 4*s(u). Let n = -2 - -9. Calculate w(n).
2
Let s be (42/(-8) - -3)*32/12. Suppose -1 = u - 4. Let n(i) = i**2 - u*i - 2 + 10*i + 7 - 2. Give n(s).
-3
Let g(h) = h - 2. Let j(o) = 23 + 3*o - 20 - 4*o. Let k be j(0). Suppose -k - 11 = -7*p. Give g(p).
0
Let d(a) = -2 + 3 - 19 + 13 + 2 + 23*a. Determine d(-1).
-26
Let t(x) = 16*x**2 + 35*x - 203. Let u(b) = 5*b**2 + 12*b - 68. Let m(p) = -6*t(p) + 19*u(p). Give m(6).
-2
Let f be (20/25)/(7/((-105)/2)). Let n(i) = 5*i + 60. Let y(r) = -2*r - 21. Let c(a) = f*n(a) - 17*y(a). What is c(6)?
21
Let r(o) be the first derivative of -7/2*o**2 - 14 - o. Suppose -2*u = 22 - 24. Give r(u).
-8
Let u(m) = -m**3 - 8*m**2 - 5*m - 20. Suppose -4*r - 67*k + 63*k = 48, 0 = -4*r + 5*k - 12. Determine u(r).
20
Let u(h) = -h**3 + h**2 - 1. Suppose 2*l = -2*y - 8, -2 = 3*y - 2*l + 5. Let s be 6/8*8/y. Calculate u(s).
11
Let y(j) = 479*j**3 - 2*j**2 - j - 2 - 508*j**3 + 3*j**2. Give y(-1).
29
Suppose 0 = -5*p + 3*l - 15, -10 = 150*l - 148*l. Let t(r) = 1 - r**3 - 7*r - 1 - 5 - 7*r**2. Give t(p).
1
Let j(m) = 175*m + 9797. Let z be j(-56). Let c(k) be the second derivative of k**5/20 + k**4/4 + k**3/3 - 3*k**2 - k. What is c(z)?
-12
Let d(b) be the first derivative of 0*b + 19 - 1/3*b**3 + 7/2*b**2. Give d(8).
-8
Let v(o) be the second derivative of -1/2*o**4 - o + 5/6*o**3 + 129 + 1/20*o**5 - 1/2*o**2. Calculate v(5).
-1
Let d(t) = 5*t**2 + 20*t + 121. Let g(m) = -11*m**2 - 43*m - 272. Let x(w) = -9*d(w) - 4*g(w). Suppose -2*j - 2*j = 28. Determine x(j).
6
Let o(t) = 10*t + 40. Let x(